
Let t(w) = 6*w + 73. List the prime factors of t(-6).
37
Suppose -6*s - 1380 = -10*s. What are the prime factors of s?
3, 5, 23
Let b(w) = 11 + 0*w**2 - 8*w**2 + 8*w + 7*w**2. Let j be b(9). Suppose 0 = 7*q - j*q - 10. List the prime factors of q.
2
Suppose -13 = 2*b - 83. List the prime factors of b.
5, 7
Let y(n) = -n**3 + 9*n**2 - 3*n + 11. Let u = 15 + -3. Suppose 3*b = u, 4*b - 32 = -4*l + 16. List the prime factors of y(l).
3, 17
Suppose 9 = 4*s - 3. Suppose -65 = -5*k + s*x - 0*x, 5*x = 2*k - 45. What are the prime factors of k?
2, 5
Suppose -40 - 180 = -5*x. Let h be x/7 - 2/7. Suppose -p + h = -35. What are the prime factors of p?
41
Suppose -3*l - 16 = -2*y - 7, 6 = y - l. Suppose y + 3 = o. Let t = 33 - o. What are the prime factors of t?
3, 7
Suppose 7 - 46 = 4*o + 3*k, 0 = 3*o - 3*k + 24. List the prime factors of o*47/3*-1.
3, 47
Let w = -2 - -7. Suppose w*f - 13 = 2. Suppose f*l + 87 = 6*l. List the prime factors of l.
29
Let x(m) = -m**2 + 106*m + 33. What are the prime factors of x(74)?
7
Let c(x) = 25*x - 96. Let g be c(7). Let l = 2 + 33. Let j = g - l. What are the prime factors of j?
2, 11
Let t = 230 + 1568. List the prime factors of t.
2, 29, 31
Suppose -348 = -142*z + 139*z. What are the prime factors of z?
2, 29
Suppose 0 = 2*r + 3*r - 255. Suppose 0 = 4*d + 3*x - r, d + 3 = 3*d - 3*x. List the prime factors of d.
3
Suppose 0 = -5*b - 57 + 142. Suppose -4*a + b - 1 = 0, 5*u - 3*a = 413. List the prime factors of u.
5, 17
Suppose -1361 = 9*t - 12*t + z, -4*z = 20. What are the prime factors of t?
2, 113
Suppose -781*s + 796*s = 16740. List the prime factors of s.
2, 3, 31
Suppose -3*r - 10 = 2, -2*k + 14 = -2*r. Suppose -2*g = k*g - 270. List the prime factors of (-4)/(-18) - (-312)/g.
2, 3
Suppose -3*f - 3*l + 513 = 0, 3*f - 2*l - 538 = -0*l. Let o be f + 0 + 10/(-10). Suppose 3*s = -5*n + o, s - 180 = -3*s + 4*n. What are the prime factors of s?
2, 5
Suppose 4*p + 5*k - 88 = 51, 3*k = 4*p - 115. Let g = 47 - p. What are the prime factors of g?
2
Let n = 591 + -278. What are the prime factors of n?
313
What are the prime factors of 93/(18/372*2)?
31
Let d be (-26 + -2)*2/(-4). Let u = 19 - d. Suppose 3*f - 2*l = 32, f + 0*f + 11 = u*l. What are the prime factors of f?
2, 7
Suppose 0 = 5*o + 5, -3*o = p + 4 + 3. What are the prime factors of (-148)/(-6)*2 + p/(-6)?
2, 5
Suppose f + 2 - 100 = 0. Suppose 409 = 4*j - 0*u - u, j + 4*u - f = 0. Suppose -5*w - 4*r = -j, -5 - 53 = -3*w - 4*r. What are the prime factors of w?
2, 11
Suppose -3*j - 162 = -570. Let y = j + -89. List the prime factors of y.
47
What are the prime factors of 1/(-8) + (-116957)/(-296)?
5, 79
Let c = -54 + 51. Let b(r) = -16*r - 7. List the prime factors of b(c).
41
Let q be 222/6 + 0/(1 - 0). Suppose -2*v - 350 = -4*o, -o = v + q - 126. List the prime factors of o.
2, 11
Suppose 1939 = -4*q + 5383. What are the prime factors of q?
3, 7, 41
Suppose 35*h - 136988 = -11*h. List the prime factors of h.
2, 1489
Suppose -4 = -5*d + 6. Suppose u - 5*y - 141 = 0, 5*y + 257 = -d*u + 4*u. Suppose u = 4*i + 5*q, 14 = 5*i - 2*q - 131. List the prime factors of i.
29
Suppose 0*b - 86 = -b. What are the prime factors of 2/(-2) + (b - 6)?
79
Let c(x) = 5*x + 2 + 6*x**2 + x - 1 - x**3 + 0. Let f be c(5). Suppose 0 = -0*m + 4*m - f. What are the prime factors of m?
2, 7
Let f(m) = 16*m**3 + 13*m - 15. What are the prime factors of f(3)?
2, 3, 19
Suppose 2*t + 105 = -5*v - 27, -t = -4*v + 66. What are the prime factors of t*(-1 + 0) - -3?
3, 23
What are the prime factors of (-46 + 45)*(2 - (130 + -1))?
127
Let d be (-3)/((-12)/14)*2. Let n(c) = -13*c - c**3 - 11*c**2 - 10 + d*c**2 + 0 - 9*c**2. What are the prime factors of n(-12)?
2
Let f be 6*((-16)/(-6) - 2) - 0. Suppose 3*d - 4*h = 302, -2*d + 55 = f*h - 133. What are the prime factors of d?
2, 7
Let b(n) = -2*n**2 - 12*n - 16. Let t(z) = -z**2 + z - 1. Let p(k) = b(k) - 3*t(k). Let v be p(11). Let u = v + 109. What are the prime factors of u?
2, 13
Let x = -935 + 1080. What are the prime factors of x?
5, 29
Suppose 0*j - 4*j = -3*f - 12, -f + 7 = -5*j. Let w(t) = -12*t + 1. What are the prime factors of w(f)?
97
Suppose 2*k - 16*k = -20342. List the prime factors of k.
1453
Let a = 8 + 0. Suppose -1 = 4*g - 2*d + 7*d, -2*g - 4*d - a = 0. Suppose g*u = u + 240. List the prime factors of u.
2, 3
Let d be (-17445)/(-55) - 8/44. Suppose 27 - d = -5*l. List the prime factors of l.
2, 29
Let s(t) = t**3 - 2*t**2 - 13*t - 9. Let z be s(-8). Let q = -310 - z. List the prime factors of q.
5, 47
Suppose -5*y = -2*b - b - 2, -7 = -3*b - 4*y. Suppose 7 = r - p, -3*r - 2*p + b = -0*r. Suppose -2*v + 180 = r*v. What are the prime factors of v?
2, 3
Let d = -909 + 1437. What are the prime factors of d?
2, 3, 11
Let o be 10*((-1760)/(-25) - 0). Let w be (2/8)/(16/o). Let m = 38 - w. List the prime factors of m.
3
Suppose 2*y + 9 = 31. Let c = y - 26. Let m = c - -29. What are the prime factors of m?
2, 7
Let k(i) = 5*i - 19. Let m(j) = 6*j - 25. Let d(x) = 3*x - 13. Let t(w) = -5*d(w) + 3*m(w). Let z(b) = -4*k(b) + 7*t(b). What are the prime factors of z(-3)?
3
Let v(t) = -2*t**3 + 27*t**2 - 9*t + 4. List the prime factors of v(12).
2, 41
Suppose 2*y = 5*t - 107, -4*t + 121 = y + 38. Let f be 1/1 - (4 - -2). Let m = t - f. What are the prime factors of m?
2, 13
Let c = 5229 + -1198. What are the prime factors of c?
29, 139
Let z(f) = 4*f. Let q(v) = 1. Let y(o) = 2*q(o) + z(o). Let p(i) = -i**2 + 6*i. Let g be p(5). List the prime factors of y(g).
2, 11
Let d = 511 + -125. List the prime factors of d.
2, 193
What are the prime factors of (2/(-6)*-4)/(8/1848)?
2, 7, 11
Suppose 94 = 3*q - 134. Suppose -5*y = 4*n - 485, -11 = n + 5*y - 151. Let r = n - q. What are the prime factors of r?
3, 13
What are the prime factors of 65748/39 - ((-328)/104 + 3)?
2, 3, 281
Suppose -2*b - 2 = 0, 2*f - b - 315 = -2*b. Let n = -70 + -33. Let w = f + n. List the prime factors of w.
5, 11
Let i(c) = 3*c + 2. Let n be i(-1). Let b(m) = 3*m**2 + 1. Let x be b(n). Suppose 8*y - x*y = 148. What are the prime factors of y?
37
Let v(l) = 4*l + 8. Let j(y) be the third derivative of -y**4/24 - y**3/6 - 8*y**2. Let u(w) = -24*j(w) - 3*v(w). What are the prime factors of u(2)?
2, 3
Let g(z) = -51*z**3 - 20*z**2 - 46*z - 16. List the prime factors of g(-4).
2, 389
Let q(p) be the second derivative of -p**4/12 + 4*p**3 - 11*p**2 - 14*p. List the prime factors of q(19).
73
Suppose -285 = b - 1296. List the prime factors of b.
3, 337
Let r = -10 - -17. Let h(q) = 2*q**2 - 12*q + 3. Let g(w) = -w. Let a(u) = -2*g(u) + h(u). List the prime factors of a(r).
31
Suppose -3*o + 4 = 3*y - 11, y - 2*o + 10 = 0. Let x(q) = -q**3 - q**2 + 7. Let v be x(y). What are the prime factors of (2/v)/(9/126)?
2
Suppose 2*m - 4959 = -5*w, 4*w - 9*m = -4*m + 3954. What are the prime factors of w?
991
Let p(n) = -54*n + 156. Let x(g) = -11*g + 31. Let l(r) = 3*p(r) - 14*x(r). What are the prime factors of l(-13)?
2, 3, 23
Let l = -1 + 3. Suppose -121 = -4*p - d, 4*p - l*d - d = 101. Suppose -104 + p = -3*a. What are the prime factors of a?
5
Let m(k) = -k**3 - k**2 + 4*k - 2. Suppose 2*l + 40 = -3*l + 5*s, 0 = -2*s + 6. What are the prime factors of m(l)?
2, 3, 13
Let p be 86*((-4)/8 + (2 - 1)). Suppose -3*v = -2*v - 6. Suppose 0 = -b + j + p, b + j + v = 39. List the prime factors of b.
2, 19
Let q = -2923 - -6616. List the prime factors of q.
3, 1231
Let d = 34 + -18. What are the prime factors of d/12*(27 - 3)?
2
Let r = -737 - -2403. What are the prime factors of r?
2, 7, 17
Let x = 2366 + -1292. List the prime factors of x.
2, 3, 179
Suppose -12*u = -17*u + 320. Let z = -49 - -29. Let c = z + u. List the prime factors of c.
2, 11
Let z(f) be the third derivative of -13*f**4/24 + 3*f**2. What are the prime factors of z(-3)?
3, 13
Suppose 5*b = -0*b - 990. What are the prime factors of 3 - (b - (-1 - -2))?
2, 101
What are the prime factors of (-3 + 184 - -2) + (-17 - -14)?
2, 3, 5
Let f(w) = 4*w**3 - 2*w**2 - 2*w + 3. Let u be f(2). Suppose -11*a + 5*d + 38 = -10*a, -2*d = 2*a - 40. Suppose -2*j = -a - u. List the prime factors of j.
23
Suppose -4*s + 20 = f, 0 = 5*s + 3*f - 20 - 5. What are the prime factors of 8*(105/4 + s)?
2, 5
Suppose 0 = -5*c - 49 - 71. Let o be (c/14)